st common factor of z and 378?
6
Let r be 1*-3 - (-31)/1. Let m = -204 - -219. Suppose 60 = m*l - 0*l. Calculate the greatest common divisor of r and l.
4
Suppose 5*d + t - 25 + 8 = 0, -3*t = -6. Suppose -2*x - 5*o + d = 0, -5*x = 4*o - 9*o - 25. What is the highest common factor of 84 and x?
4
Suppose 0 = 5*v - 109 - 81. Let f(o) = 15*o**2 + 1097*o - 5518. Let k be f(5). What is the highest common divisor of v and k?
38
Let g = 6 + -3. Let t be ((-2)/(-2))/((-19)/76). Let r = g - t. What is the greatest common factor of r and 1?
1
Let v be -4*(-1065)/(-60)*-5. What is the highest common factor of v and 5?
5
Suppose 179*q = 18620 + 11452. Calculate the highest common divisor of 1248 and q.
24
Suppose 2*q - 44 = 84. Let w = -5 + q. Suppose -63*b + 92 = -w*b. Calculate the highest common divisor of 46 and b.
23
Suppose -8*i + 3*i + 10 = 0, 700 = 2*z - i. Calculate the highest common divisor of 65 and z.
13
Suppose 4*j - 17 - 15 = 0. Suppose 3*d = 5*a - 353, -d + 3*d - j = 0. Suppose -2*q + a = -7. What is the greatest common divisor of 280 and q?
40
Suppose h = -2*x - 4 + 3, -19 = -2*h + 3*x. Let p = h + -26. Let q be (-7)/(p/60)*2. Calculate the highest common factor of q and 20.
20
Suppose -92880 = 513*c - 1373*c. What is the highest common divisor of 194 and c?
2
Let j be (0 - 0 - -384)*1/(-3)*-1. Let w(h) = -h**2 - 2*h. Let z be w(-2). Suppose -k + z*k + 16 = 0. Calculate the highest common factor of k and j.
16
Let d = -3459 - -3734. What is the greatest common divisor of 75 and d?
25
Suppose -26*g = 11 - 973. What is the highest common divisor of 13542 and g?
37
Let z = -12387 - -12942. What is the highest common factor of z and 30?
15
Suppose 234 = -56*a + 54*a. Let s = 171 + a. What is the greatest common factor of 24 and s?
6
Let k(n) = 12*n - 32. Suppose 3*y - y - 30 = 4*f, -4*y - 2*f + 40 = 0. Let b be k(y). Suppose -5*z = -z - b. Calculate the greatest common factor of z and 275.
25
Suppose 72*n - 276 = 70*n. Calculate the greatest common factor of 9798 and n.
138
Let u be ((-37)/1776*24)/((-2)/3684). What is the greatest common factor of 51 and u?
3
Let p = 18 - -24. Let r = 26 - -6. Suppose 420 = -r*k + 36*k. What is the greatest common divisor of k and p?
21
Let w be ((-29249)/209)/(2/(-4)) - (-4)/38. What is the greatest common divisor of 80 and w?
40
Let b(n) = -215*n**2 + 117*n**2 - 52 - 4 + 13*n + 112*n**2. Let a be b(4). What is the greatest common factor of 20 and a?
20
Suppose 2*y - 94918 + 94922 = 0. Let q = -44 - -63. Let d = y + q. Calculate the highest common divisor of d and 34.
17
Let o(j) = -3*j**3 + 29*j**2 + 8*j + 35. Let v be o(10). What is the greatest common divisor of 33 and v?
3
Let d be (96 - -1) + (-5 + 0)*-1. Suppose -d = -9*l + 60. Calculate the greatest common divisor of l and 12.
6
Suppose 2*y - 2*r - 2722 = 0, 4*y + 14*r - 16*r = 5442. Calculate the highest common divisor of y and 51.
17
Let y(o) = -o**3 + 16*o**2 + 7*o + 15. Let a be y(16). Suppose -8*n = 31 - a. Suppose 5 = -n*k + 209. Calculate the highest common factor of 187 and k.
17
Suppose 451 = j - 1068. Suppose 1513*h + 198 = j*h. Calculate the highest common divisor of 132 and h.
33
Let g be 4/(-18) - (-7157)/(-153). Let i be 2/(-1) + g/(-1). Let c = -128 + 146. What is the highest common divisor of c and i?
9
Suppose -282 = -4*l + 5*p, p + 2 = 2*p. Suppose -l*x = -62*x - 66. What is the highest common factor of x and 24?
6
Let i be (-92193)/(-12) + 2 + 1 - 339/452. What is the highest common factor of i and 29?
29
Suppose 5*d = -4*j + 12, -2*j + 5*d - 2 = -8. Suppose 738 = 3*y + j*z, -2*z = -3*y + 3*z + 746. What is the highest common divisor of 19 and y?
19
Suppose k - 2 + 0 = 0, -4*k = 3*v - 128. Suppose -v = -2*x + 52. Suppose d = 54 + 61. What is the highest common factor of x and d?
23
Suppose 49*s = 42*s + 77. Calculate the highest common divisor of 5819 and s.
11
Suppose 0*t - 35*t = -70. Suppose 2*s - 2*j - 8 = t*j, -2*j = 3*s - 36. What is the greatest common divisor of 135 and s?
5
Let f(w) = -108*w + 2. Let o be f(-7). Suppose o = 34*k - 262. What is the greatest common factor of k and 105?
15
Let p be (-1256059)/(-91) + -18 - (-2)/13. What is the greatest common divisor of p and 30?
15
Suppose 5 = 3*t - 2*t + 4*d, -5*d - 104 = -4*t. Suppose 0*a + 1008 = t*a. Calculate the highest common divisor of a and 240.
48
Suppose 44*a = -152 + 2792. Calculate the highest common divisor of a and 4680.
60
Suppose -2*k - b = -9, -2*b - 5 = 3*b. Suppose l + 3*y = 2*l + 5, k*l = 5*y - 5. Calculate the greatest common factor of 9 and l.
1
Suppose 51 = -150*z + 153*z. Suppose -z*d + 1096 = -638. Let u = d - 98. What is the greatest common factor of 36 and u?
4
Let l = 815 - 811. Suppose -l*r + r - 4*k + 260 = 0, 0 = -2*r + 3*k + 179. What is the greatest common divisor of r and 8?
8
Let c(h) = 2*h**2 + 130*h + 3360. Let w be c(-37). What is the highest common factor of 14 and w?
14
Let s = -1 + 1. Let o = 5088 + -5086. Suppose -4*n = 4*r - 3*r - 10, -r - o*n + 12 = s. Calculate the greatest common divisor of 42 and r.
14
Suppose -13464 = -13*p - 24*p - 65*p. Calculate the highest common divisor of 4620 and p.
132
Let t(z) = -84*z - 32. Let q(o) = 17*o + 6. Let r(x) = -16*q(x) - 3*t(x). Let g = -59 + 58. Let s be r(g). Calculate the greatest common factor of s and 24.
4
Let p be (-253)/(-5) + 4/10. Let d be 2/(-4) + (0 - p/(-6)). Suppose -323 = -d*w - 35. Calculate the greatest common divisor of 12 and w.
12
Suppose 0 = -65*o + 57*o + 176. Suppose -21*q + 215 = o*q. What is the highest common divisor of 230 and q?
5
Let b = -14 + 140. Let x be (8 - (-2 + 4))*((-9)/(-1) - 3). Calculate the highest common factor of b and x.
18
Let a = 439 + -265. Let n(j) = -j**3 + 14*j**2 + j - 4. Let x be n(6). Calculate the highest common divisor of x and a.
58
Suppose -466*q + 11880 = -457*q. Calculate the highest common factor of q and 176.
88
Let k(c) = 72*c**2 - 69*c + 374. Let i be k(23). What is the highest common divisor of i and 295?
295
Suppose 0 = 3*v + 3, -119 - 40 = -2*u - 3*v. Let z = 93 - u. Let t(r) = -r**2 + 19*r + 6. Let l be t(9). Calculate the highest common divisor of z and l.
12
Suppose 3*i - 4*r - 19 = -6*r, -3*i - r = -23. Let h(q) = 20 + 39 + 43 - q - 80. Let o be h(i). Calculate the highest common factor of o and 52.
13
Let z be ((138/(-30) - 0) + -5)/(-6 - (-224)/40). Let b(w) = -192*w + 1. Let f be b(2). Let g = f + 647. Calculate the highest common factor of z and g.
24
Suppose 5*i - 590 = 4*n, -6*n - 586 = -2*n - 3*i. Let w = n - -196. Calculate the greatest common divisor of w and 17.
17
Let f = 7828 - 7670. What is the greatest common factor of 21646 and f?
158
Suppose 41*m - 116390 - 44740 = 0. What is the highest common divisor of 90 and m?
30
Let u be 6/(-9)*(-452)/(-8)*-3. Suppose -u*a = -111*a - 90. Let j(o) = o + 18. Let l be j(0). What is the highest common factor of a and l?
9
Suppose 4*j = -4 - 8, 4*y - 2*j = 14. Let l be y - (3 - 0) - -11. Calculate the highest common divisor of l and 25.
5
Let z(h) = -h**3 + 22*h**2 + 91*h - 71. Let q be z(25). What is the highest common divisor of q and 14?
7
Let j = -279 + 299. Suppose -10*t = -j*t + 110. Calculate the greatest common divisor of t and 11.
11
Let u = -51 - -136. Suppose -u = r - 385. Suppose 15*l - 10*l = r. Calculate the highest common divisor of 24 and l.
12
Let x = 969 + -963. Let l be (-1352)/(-28) + 4/(-14). What is the highest common factor of l and x?
6
Let h = 7 + 88. Suppose 5*r - h = 115. Let b = 168 - 140. Calculate the highest common divisor of b and r.
14
Let y(z) = 2*z + 15. Let a be y(-9). Let p be (504/(-70))/(a/(-20)). Let v be (-4)/(p/165) + 1/4. Calculate the greatest common divisor of v and 154.
14
Let h = -26 - 8. Let g = -29 - h. Suppose g*f - f - 76 = 0. Calculate the greatest common factor of f and 38.
19
Let i(a) = a**3 - 11*a**2. Let m be i(11). Suppose m = -3*o - 5*o. Suppose o = 4*z - 1 - 3. Calculate the highest common factor of z and 2.
1
Let g = 95 - 127. Let h be (-4)/g*(-104)/(-1). What is the greatest common divisor of 1 and h?
1
Suppose -5*d + 78 = x - 8, 3*x - 2*d - 292 = 0. Calculate the greatest common divisor of 368 and x.
16
Let t = -13662 - -13666. Calculate the greatest common divisor of 2260 and t.
4
Let g be ((-49)/(-4))/(6